
47
Calculate the remainder when 7316683 is divided by 89.
82
Calculate the remainder when 144594 is divided by 1308.
714
Calculate the remainder when 12022449 is divided by 31.
29
Calculate the remainder when 2678361 is divided by 513.
501
What is the remainder when 210041 is divided by 536?
465
What is the remainder when 28849 is divided by 7046?
665
What is the remainder when 34885 is divided by 991?
200
What is the remainder when 438516 is divided by 3578?
2000
Calculate the remainder when 80690 is divided by 80366.
324
What is the remainder when 9940174 is divided by 584715?
19
Calculate the remainder when 778887 is divided by 388245.
2397
What is the remainder when 42538215 is divided by 43186?
5
What is the remainder when 124967 is divided by 1542?
65
Calculate the remainder when 10818472 is divided by 180307.
52
What is the remainder when 31190 is divided by 700?
390
Calculate the remainder when 502108 is divided by 495.
178
What is the remainder when 52370 is divided by 12477?
2462
Calculate the remainder when 322073 is divided by 16895.
1068
What is the remainder when 216474 is divided by 766?
462
Calculate the remainder when 27101461 is divided by 3387681.
13
Calculate the remainder when 5597979 is divided by 120.
99
What is the remainder when 427514 is divided by 71075?
1064
Calculate the remainder when 1698034 is divided by 13060.
234
What is the remainder when 743166 is divided by 526?
454
What is the remainder when 1374222 is divided by 673?
629
What is the remainder when 221185784 is divided by 110592888?
8
Calculate the remainder when 6547559 is divided by 727504.
23
Calculate the remainder when 491024 is divided by 4593.
4166
What is the remainder when 335096 is divided by 47?
33
Calculate the remainder when 326716 is divided by 163358.
0
What is the remainder when 3677872 is divided by 167176?
0
What is the remainder when 25974 is divided by 128?
118
Calculate the remainder when 4773220 is divided by 311.
303
Calculate the remainder when 302879 is divided by 2330.
2309
What is the remainder when 810131 is divided by 80997?
161
Calculate the remainder when 630250 is divided by 1732.
1534
What is the remainder when 119853 is divided by 681?
678
Calculate the remainder when 904623 is divided by 150732.
231
Calculate the remainder when 1161995 is divided by 590.
285
Calculate the remainder when 1508923 is divided by 1654.
475
What is the remainder when 4431728 is divided by 69?
65
What is the remainder when 224332 is divided by 60?
52
Calculate the remainder when 5029893 is divided by 5029879.
14
Calculate the remainder when 23064 is divided by 1671.
1341
What is the remainder when 380760 is divided by 3219?
918
What is the remainder when 6351 is divided by 4870?
1481
Calculate the remainder when 2182012252 is divided by 3501.
3499
What is the remainder when 20169271 is divided by 524?
511
Calculate the remainder when 399574 is divided by 3108.
1750
What is the remainder when 1605459741 is divided by 1953?
1950
What is the remainder when 849246 is divided by 169768?
406
What is the remainder when 1469761 is divided by 11228?
10121
Calculate the remainder when 1380646 is divided by 230078.
178
Calculate the remainder when 11237371 is divided by 1139.
1136
Calculate the remainder when 4424747 is divided by 442424.
507
What is the remainder when 485192 is divided by 22053?
26
Calculate the remainder when 17401 is divided by 4770.
3091
What is the remainder when 57135 is divided by 9495?
165
Calculate the remainder when 532374 is divided by 131457.
6546
Calculate the remainder when 192556873 is divided by 71.
45
What is the remainder when 1278664 is divided by 2142?
2032
Calculate the remainder when 49210 is divided by 20236.
8738
Calculate the remainder when 1623688 is divided by 265.
33
What is the remainder when 115479 is divided by 19230?
99
What is the remainder when 5530324 is divided by 13?
7
What is the remainder when 257427 is divided by 1648?
339
What is the remainder when 85044 is divided by 16793?
1079
What is the remainder when 7765854 is divided by 665?
649
Calculate the remainder when 375885 is divided by 124659.
1908
What is the remainder when 35947 is divided by 637?
275
What is the remainder when 141158 is divided by 403?
108
Calculate the remainder when 511930 is divided by 39379.
3
What is the remainder when 865277 is divided by 25?
2
What is the remainder when 404254 is divided by 2559?
2491
Calculate the remainder when 1412761 is divided by 951.
526
Calculate the remainder when 84202511 is divided by 12028928.
15
What is the remainder when 8612715 is divided by 89?
7
Calculate the remainder when 63009 is divided by 5027.
2685
What is the remainder when 5241932 is divided by 1369?
31
What is the remainder when 2079109 is divided by 1382?
581
Calculate the remainder when 795378 is divided by 10678.
5206
Calculate the remainder when 1289737 is divided by 342.
55
Calculate the remainder when 401229 is divided by 259.
38
What is the remainder when 1533788 is divided by 615?
593
What is the remainder when 2120790 is divided by 876?
870
What is the remainder when 9332108 is divided by 323?
315
Calculate the remainder when 166005 is divided by 374.
323
What is the remainder when 94355 is divided by 9378?
575
What is the remainder when 1861210 is divided by 310194?
46
What is the remainder when 673095 is divided by 224323?
126
Calculate the remainder when 9497312 is divided by 5170.
22
Calculate the remainder when 214910928 is divided by 12468.
12
What is the remainder when 9476175 is divided by 26?
7
What is the remainder when 276178 is divided by 73?
19
What is the remainder when 6578 is divided by 76?
42
Calculate the remainder when 6088406 is divided by 25.
6
Calculate the remainder when 1335687 is divided by 88983.
942
What is the remainder when 22441 is divided by 5544?
265
What is the remainder when 132933 is divided by 25?
8
Calculate the remainder when 311181053 is divided by 1123.
1122
What is the remainder when 3166225 is divided by 2323?
2299
Calculate the remainder when 2583063 is divided by 861013.
24
What is the remainder when 166571 is divided by 5741?
82
What is the remainder when 191884 is divided by 31951?
178
Calculate the remainder when 602650 is divided by 21523.
6
Calculate the remainder when 6759821 is divided by 149.
138
Calculate the remainder when 16049 is divided by 1953.
425
What is the remainder when 127324 is divided by 25?
24
Calculate the remainder when 4434518 is divided by 553.
11
Calculate the remainder when 15673360 is divided by 3063.
3052
What is the remainder when 194215 is divided by 21083?
4468
Calculate the remainder when 232883 is divided by 721.
0
What is the remainder when 226853 is divided by 28342?
117
What is the remainder when 669869476 is divided by 10856?
10852
What is the remainder when 124289 is divided by 16?
1
What is the remainder when 4151822 is divided by 4811?
4740
What is the remainder when 235248 is divided by 2067?
1677
Calculate the remainder when 6030780 is divided by 14532.
0
What is the remainder when 3903266 is divided by 975596?
882
What is the remainder when 1123757 is divided by 4972?
85
What is the remainder when 437342 is divided by 2903?
1892
Calculate the remainder when 5072662 is divided by 8.
6
What is the remainder when 124123 is divided by 1909?
38
What is the remainder when 20030413 is divided by 796?
665
What is the remainder when 833367 is divided by 138887?
45
Calculate the remainder when 277067 is divided by 54557.
4282
What is the remainder when 321746 is divided by 321534?
212
Calculate the remainder when 19798679 is divided by 120.
119
Calculate the remainder when 4967245 is divided by 1655748.
1
What is the remainder when 185692 is divided by 291?
34
Calculate the remainder when 102333430 is divided by 2837.
3
What is the remainder when 91957 is divided by 2298?
37
What is the remainder when 701779 is divided by 5?
4
Calculate the remainder when 13844 is divided by 4553.
185
What is the remainder when 139075 is divided by 1677?
1561
Calculate the remainder when 2790855 is divided by 1083.
1047
Calculate the remainder when 224338 is divided by 428.
66
What is the remainder when 836834 is divided by 41797?
894
Calculate the remain